{"id":1140,"date":"2023-06-12T08:12:19","date_gmt":"2023-06-12T08:12:19","guid":{"rendered":"https:\/\/lydlanza-events.com\/?page_id=1140"},"modified":"2023-06-13T15:11:04","modified_gmt":"2023-06-13T15:11:04","slug":"actualites-2","status":"publish","type":"page","link":"https:\/\/lydlanza-events.com\/index.php\/actualites-2\/","title":{"rendered":"Actualit\u00e9s"},"content":{"rendered":"\t\t<div data-elementor-type=\"wp-page\" data-elementor-id=\"1140\" class=\"elementor elementor-1140\">\n\t\t\t\t\t\t<section class=\"elementor-section elementor-top-section elementor-element elementor-element-7c5a194 elementor-section-content-bottom elementor-section-full_width elementor-section-stretched elementor-section-height-default elementor-section-height-default\" data-id=\"7c5a194\" data-element_type=\"section\" data-settings=\"{&quot;background_background&quot;:&quot;classic&quot;,&quot;stretch_section&quot;:&quot;section-stretched&quot;}\">\n\t\t\t\t\t\t<div class=\"elementor-container elementor-column-gap-default\">\n\t\t\t\t\t<div class=\"elementor-column elementor-col-100 elementor-top-column elementor-element elementor-element-152ca30\" data-id=\"152ca30\" data-element_type=\"column\">\n\t\t\t<div class=\"elementor-widget-wrap elementor-element-populated\">\n\t\t\t\t\t\t<section class=\"elementor-section elementor-inner-section elementor-element elementor-element-22304f8 elementor-section-boxed elementor-section-height-default elementor-section-height-default\" data-id=\"22304f8\" data-element_type=\"section\">\n\t\t\t\t\t\t<div class=\"elementor-container elementor-column-gap-no\">\n\t\t\t\t\t<div class=\"elementor-column elementor-col-33 elementor-inner-column elementor-element elementor-element-9091fce\" data-id=\"9091fce\" data-element_type=\"column\">\n\t\t\t<div class=\"elementor-widget-wrap\">\n\t\t\t\t\t\t\t<\/div>\n\t\t<\/div>\n\t\t\t\t<div class=\"elementor-column elementor-col-33 elementor-inner-column elementor-element elementor-element-e64b50d\" data-id=\"e64b50d\" data-element_type=\"column\">\n\t\t\t<div class=\"elementor-widget-wrap\">\n\t\t\t\t\t\t\t<\/div>\n\t\t<\/div>\n\t\t\t\t<div class=\"elementor-column elementor-col-33 elementor-inner-column elementor-element elementor-element-8979910\" data-id=\"8979910\" data-element_type=\"column\">\n\t\t\t<div class=\"elementor-widget-wrap\">\n\t\t\t\t\t\t\t<\/div>\n\t\t<\/div>\n\t\t\t\t\t<\/div>\n\t\t<\/section>\n\t\t\t\t\t<\/div>\n\t\t<\/div>\n\t\t\t\t\t<\/div>\n\t\t<\/section>\n\t\t\t\t<section class=\"elementor-section elementor-top-section elementor-element elementor-element-8e0a58f elementor-section-boxed elementor-section-height-default elementor-section-height-default\" data-id=\"8e0a58f\" data-element_type=\"section\">\n\t\t\t\t\t\t<div class=\"elementor-container elementor-column-gap-default\">\n\t\t\t\t\t<div class=\"elementor-column elementor-col-100 elementor-top-column elementor-element elementor-element-2d81a09\" data-id=\"2d81a09\" data-element_type=\"column\">\n\t\t\t<div class=\"elementor-widget-wrap elementor-element-populated\">\n\t\t\t\t\t\t<div class=\"elementor-element elementor-element-20902bd elementor-widget elementor-widget-heading\" data-id=\"20902bd\" data-element_type=\"widget\" data-widget_type=\"heading.default\">\n\t\t\t\t<div class=\"elementor-widget-container\">\n\t\t\t\t\t<h2 class=\"elementor-heading-title elementor-size-default\">Toutes les actualit\u00e9s de Lydlanza Events,<\/h2>\t\t\t\t<\/div>\n\t\t\t\t<\/div>\n\t\t\t\t<div class=\"elementor-element elementor-element-d2e3364 elementor-widget elementor-widget-heading\" data-id=\"d2e3364\" data-element_type=\"widget\" data-widget_type=\"heading.default\">\n\t\t\t\t<div class=\"elementor-widget-container\">\n\t\t\t\t\t<h3 class=\"elementor-heading-title elementor-size-default\">d\u00e9couvrez nos projets et nos r\u00e9alisations !<\/h3>\t\t\t\t<\/div>\n\t\t\t\t<\/div>\n\t\t\t\t\t<\/div>\n\t\t<\/div>\n\t\t\t\t\t<\/div>\n\t\t<\/section>\n\t\t\t\t<section class=\"elementor-section elementor-top-section elementor-element elementor-element-b8c6789 elementor-section-boxed elementor-section-height-default elementor-section-height-default\" data-id=\"b8c6789\" data-element_type=\"section\">\n\t\t\t\t\t\t<div class=\"elementor-container elementor-column-gap-default\">\n\t\t\t\t\t<div class=\"elementor-column elementor-col-100 elementor-top-column elementor-element elementor-element-0307117\" data-id=\"0307117\" data-element_type=\"column\">\n\t\t\t<div class=\"elementor-widget-wrap elementor-element-populated\">\n\t\t\t\t\t\t<div class=\"elementor-element elementor-element-5fc736d elementor-widget elementor-widget-eael-post-timeline\" data-id=\"5fc736d\" data-element_type=\"widget\" data-widget_type=\"eael-post-timeline.default\">\n\t\t\t\t<div class=\"elementor-widget-container\">\n\t\t\t\t\t<div id=\"eael-post-timeline-5fc736d\" class=\"eael-post-timeline timeline-layout-card eael-post-timeline-arrow-top\">\n            <div class=\"eael-post-timeline eael-post-appender eael-post-appender-5fc736d\"><article class=\"eael-timeline-post\">\n    <div class=\"eael-timeline-bullet\"><\/div>\n    <div class=\"eael-timeline-post-inner\">\n        <a class=\"eael-timeline-post-link\" href=\"https:\/\/lydlanza-events.com\/index.php\/2023\/07\/12\/interview-la-vallee\/\" title=\"La Vall\u00e9e : j&rsquo;interview Mah\u00e9 Corolleur\">\n            <time datetime=\"juillet 12, 2023\">juillet 12, 2023<\/time>\n            <div class=\"eael-timeline-post-image\" style=\"background-image: url(https:\/\/lydlanza-events.com\/wp-content\/uploads\/2023\/06\/qb3z5bfiagg.jpg)\"><\/div><div class=\"eael-timeline-content\"><div class=\"eael-timeline-post-title\">\n\t\t                    <h2 class=\"eael-timeline-post-title-text\">La Vall\u00e9e : j&rsquo;interview Mah\u00e9 Corolleur<\/h2>\n\t\t                <\/div><div class=\"eael-timeline-post-excerpt\"><p>La Vall\u00e9e : j&rsquo;interview Mah\u00e9 Corolleur Magazine LA VALLEE n\u00b09M\u00e9dia...<\/p><\/div><\/div><\/a>\n    <\/div>\n    <div class=\"eael-timeline-clear\"><\/div>\n<\/article><article class=\"eael-timeline-post\">\n    <div class=\"eael-timeline-bullet\"><\/div>\n    <div class=\"eael-timeline-post-inner\">\n        <a class=\"eael-timeline-post-link\" href=\"https:\/\/lydlanza-events.com\/index.php\/2023\/06\/13\/hastko-au-salon-next-summer-2023\/\" title=\"H\u00c4STKO au salon Next Summer 2023\">\n            <time datetime=\"juin 13, 2023\">juin 13, 2023<\/time>\n            <div class=\"eael-timeline-post-image\" style=\"background-image: url(https:\/\/lydlanza-events.com\/wp-content\/uploads\/2023\/06\/72993551_2233092853647283_1170884771530670080_o.jpg.webp)\"><\/div><div class=\"eael-timeline-content\"><div class=\"eael-timeline-post-title\">\n\t\t                    <h2 class=\"eael-timeline-post-title-text\">H\u00c4STKO au salon Next Summer 2023<\/h2>\n\t\t                <\/div><div class=\"eael-timeline-post-excerpt\"><p>H\u00c4STKO au salon Next Summer 2023 H\u00c4STKO La nouvelle marque...<\/p><\/div><\/div><\/a>\n    <\/div>\n    <div class=\"eael-timeline-clear\"><\/div>\n<\/article><\/div>\n\t\t<\/div>\t\t\t\t<\/div>\n\t\t\t\t<\/div>\n\t\t\t\t\t<\/div>\n\t\t<\/div>\n\t\t\t\t\t<\/div>\n\t\t<\/section>\n\t\t\t\t<section class=\"elementor-section elementor-top-section elementor-element elementor-element-56e60b9 elementor-section-full_width elementor-section-stretched elementor-section-height-default elementor-section-height-default\" data-id=\"56e60b9\" data-element_type=\"section\" data-settings=\"{&quot;background_background&quot;:&quot;classic&quot;,&quot;stretch_section&quot;:&quot;section-stretched&quot;}\">\n\t\t\t\t\t\t<div class=\"elementor-container elementor-column-gap-default\">\n\t\t\t\t\t<div class=\"elementor-column elementor-col-100 elementor-top-column elementor-element elementor-element-674132e\" data-id=\"674132e\" data-element_type=\"column\">\n\t\t\t<div class=\"elementor-widget-wrap elementor-element-populated\">\n\t\t\t\t\t\t<div class=\"elementor-element elementor-element-53c137e elementor-widget elementor-widget-image\" data-id=\"53c137e\" data-element_type=\"widget\" data-widget_type=\"image.default\">\n\t\t\t\t<div class=\"elementor-widget-container\">\n\t\t\t\t\t\t\t\t\t\t\t\t\t\t\t<img fetchpriority=\"high\" decoding=\"async\" width=\"692\" height=\"903\" src=\"https:\/\/lydlanza-events.com\/wp-content\/uploads\/2023\/03\/SECONDAIRE-COULEUR.png\" class=\"attachment-full size-full wp-image-500\" alt=\"Picto topographique couleur\" srcset=\"https:\/\/lydlanza-events.com\/wp-content\/uploads\/2023\/03\/SECONDAIRE-COULEUR.png 692w, https:\/\/lydlanza-events.com\/wp-content\/uploads\/2023\/03\/SECONDAIRE-COULEUR-230x300.png 230w\" sizes=\"(max-width: 692px) 100vw, 692px\" \/>\t\t\t\t\t\t\t\t\t\t\t\t\t\t\t<\/div>\n\t\t\t\t<\/div>\n\t\t\t\t<div class=\"elementor-element elementor-element-69c5e7c elementor-widget elementor-widget-heading\" data-id=\"69c5e7c\" data-element_type=\"widget\" data-widget_type=\"heading.default\">\n\t\t\t\t<div class=\"elementor-widget-container\">\n\t\t\t\t\t<h3 class=\"elementor-heading-title elementor-size-default\">Pr\u00eats \u00e0 vous lancer ?<\/h3>\t\t\t\t<\/div>\n\t\t\t\t<\/div>\n\t\t\t\t<div class=\"elementor-element elementor-element-1014fff elementor-widget elementor-widget-heading\" data-id=\"1014fff\" data-element_type=\"widget\" data-widget_type=\"heading.default\">\n\t\t\t\t<div class=\"elementor-widget-container\">\n\t\t\t\t\t<h4 class=\"elementor-heading-title elementor-size-default\">Votre entreprise pourrait \u00eatre mon nouveau projet ?<\/h4>\t\t\t\t<\/div>\n\t\t\t\t<\/div>\n\t\t\t\t<div class=\"elementor-element elementor-element-bf259be elementor-widget elementor-widget-image\" data-id=\"bf259be\" data-element_type=\"widget\" data-widget_type=\"image.default\">\n\t\t\t\t<div class=\"elementor-widget-container\">\n\t\t\t\t\t\t\t\t\t\t\t\t\t\t\t\t<a href=\"https:\/\/lydlanza-events.com\/index.php\/contact\/\">\n\t\t\t\t\t\t\t<img decoding=\"async\" width=\"395\" height=\"50\" src=\"https:\/\/lydlanza-events.com\/wp-content\/uploads\/2023\/04\/Contactez-moi.png\" class=\"attachment-full size-full wp-image-787\" alt=\"Contactez-moi\" srcset=\"https:\/\/lydlanza-events.com\/wp-content\/uploads\/2023\/04\/Contactez-moi.png 395w, https:\/\/lydlanza-events.com\/wp-content\/uploads\/2023\/04\/Contactez-moi-300x38.png 300w\" sizes=\"(max-width: 395px) 100vw, 395px\" \/>\t\t\t\t\t\t\t\t<\/a>\n\t\t\t\t\t\t\t\t\t\t\t\t\t\t\t<\/div>\n\t\t\t\t<\/div>\n\t\t\t\t\t<\/div>\n\t\t<\/div>\n\t\t\t\t\t<\/div>\n\t\t<\/section>\n\t\t\t\t<\/div>\n\t\t","protected":false},"excerpt":{"rendered":"<p>Toutes les actualit\u00e9s de Lydlanza Events, d\u00e9couvrez nos projets et nos r\u00e9alisations ! juin 13, 2023 H\u00c4STKO au salon Next Summer 2023 H\u00c4STKO au salon&hellip;<\/p>\n","protected":false},"author":1,"featured_media":596,"parent":0,"menu_order":0,"comment_status":"closed","ping_status":"closed","template":"","meta":{"_monsterinsights_skip_tracking":false,"_monsterinsights_sitenote_active":false,"_monsterinsights_sitenote_note":"","_monsterinsights_sitenote_category":0,"footnotes":""},"class_list":["post-1140","page","type-page","status-publish","has-post-thumbnail","hentry"],"aioseo_notices":[],"_links":{"self":[{"href":"https:\/\/lydlanza-events.com\/index.php\/wp-json\/wp\/v2\/pages\/1140","targetHints":{"allow":["GET"]}}],"collection":[{"href":"https:\/\/lydlanza-events.com\/index.php\/wp-json\/wp\/v2\/pages"}],"about":[{"href":"https:\/\/lydlanza-events.com\/index.php\/wp-json\/wp\/v2\/types\/page"}],"author":[{"embeddable":true,"href":"https:\/\/lydlanza-events.com\/index.php\/wp-json\/wp\/v2\/users\/1"}],"replies":[{"embeddable":true,"href":"https:\/\/lydlanza-events.com\/index.php\/wp-json\/wp\/v2\/comments?post=1140"}],"version-history":[{"count":41,"href":"https:\/\/lydlanza-events.com\/index.php\/wp-json\/wp\/v2\/pages\/1140\/revisions"}],"predecessor-version":[{"id":1302,"href":"https:\/\/lydlanza-events.com\/index.php\/wp-json\/wp\/v2\/pages\/1140\/revisions\/1302"}],"wp:featuredmedia":[{"embeddable":true,"href":"https:\/\/lydlanza-events.com\/index.php\/wp-json\/wp\/v2\/media\/596"}],"wp:attachment":[{"href":"https:\/\/lydlanza-events.com\/index.php\/wp-json\/wp\/v2\/media?parent=1140"}],"curies":[{"name":"wp","href":"https:\/\/api.w.org\/{rel}","templated":true}]}}